t = -7366 + 7481. What is the highest common divisor of 4715 and t?
115
Let m be -2 + -2 - (-2 + (-20)/(-4)). Let q be (5 + 0)*(-108)/30*m. What is the greatest common factor of 28 and q?
14
Let i be (-6)/(-27) + (-722206)/(-1737). What is the greatest common factor of i and 286?
26
Suppose 6*o + 1 = -23. Let z be (3 + 193)/(-2 - o). Calculate the highest common divisor of z and 147.
49
Let z be -136*(-7 - 26/(-4)). Let i = z + -62. Calculate the greatest common divisor of 15 and i.
3
Let p(t) = 462*t**3 + 5*t**2 - 4*t + 1. Let w be p(1). Calculate the greatest common divisor of w and 48.
16
Let c = 60 - -48. Let i be (-2)/(-4)*5*c/15. What is the greatest common divisor of i and 102?
6
Suppose 5*v - 14 = w + 13, -5*w - 30 = -4*v. Suppose 643 - 148 = v*x. Let q = 44 - 35. What is the highest common factor of x and q?
9
Let v = 3657 + -3097. Calculate the greatest common factor of 1428 and v.
28
Let y(w) be the third derivative of -w**6/60 + w**5/3 + 5*w**4/12 - 37*w**3/3 + w**2 + 61*w. Let k be y(10). Calculate the greatest common factor of 91 and k.
13
Suppose -5*r - 2*k = -12, -3*r = k - 5*k - 28. Let h = -186 + 191. Suppose 0 = y + 4, -4*s + 56 + 92 = -h*y. What is the greatest common factor of s and r?
4
Let x(t) = t**3 + 5*t**2 - 13*t + 9. Let y be x(-6). Let d = -27 + y. Let a be (10 - -2)*8/12. Calculate the greatest common divisor of d and a.
8
Let v(k) = 18*k**2 - 12*k - 33. Let u be v(2). Suppose -c + i - 2*i = 4, 16 = c - 3*i. Let y be 168/16*10/c. What is the highest common divisor of u and y?
15
Let q(u) = 9*u**3 - 3*u**2 + 2*u + 8. Let o be q(2). Let r(f) = -4*f + 12. Let n be r(-6). Calculate the highest common factor of o and n.
36
Let y = -5 - -7. Suppose w + y = -r + 4*w, 3*r = 4*w - 6. Let q be (r + (-16)/(-3))*(-6)/(-4). What is the greatest common divisor of 20 and q?
5
Let r be (-27)/(-2)*(0 + (6 - 98/21)). What is the highest common divisor of 2115 and r?
9
Let i be (-60)/5 + (-266)/(-14). What is the highest common factor of 1211 and i?
7
Let s = -26 + 24. Suppose -5*x + 33 = -2*x - g, 4*x - 63 = -5*g. Let u be (-3*(-20)/(-18))/(s/x). Calculate the highest common divisor of 50 and u.
10
Let x = 933 - 936. Let s be 1/(x - 0 - (-1602)/531). Calculate the highest common factor of 531 and s.
59
Suppose 221 = -6*r + 845. Let n be 26 - (2 - (-3)/(-2))*0. What is the greatest common factor of r and n?
26
Let p(w) = -w**2 + 33*w + 33. Suppose 4*r + 3*z - 50 = 97, 28 = r - z. Let l be p(r). What is the highest common factor of l and 121?
11
Let a be (-36)/(-27)*(-1570)/(-160)*12. What is the greatest common divisor of 6 and a?
1
Suppose 4*x = -3*f + 385, x - 4*f - 40 = 61. Suppose x*m + 2072 = 105*m. Calculate the highest common divisor of 37 and m.
37
Suppose 128 = -d + 5*h, 4*d + 207 + 261 = -2*h. Let y = d - -146. What is the highest common factor of 63 and y?
7
Suppose 4*v = 5*c - 4*c + 16, -3*c - 3 = -3*v. Suppose -2*z = 4*w + 6 - 4, 20 = c*z - 4*w. Suppose 9 = -z*y + 39. What is the highest common factor of y and 5?
5
Let q(z) = 4*z**2 - 171*z - 500. Let n be q(-3). Calculate the highest common factor of n and 91.
7
Let f be -3*(-1 - (-5)/3). Let p be (-161)/(-42) + f/(-12). Suppose -126*r + 1632 = -92*r. What is the greatest common factor of p and r?
4
Suppose 0 = -1593*x + 1601*x - 206536. What is the greatest common divisor of 11 and x?
11
Let d = 77 - 129. Let p = -47 - d. Suppose -2*u - 5*a + 6 = -8, -5*u + 2 = -4*a. Calculate the highest common divisor of u and p.
1
Let o(d) = -1845*d - 633. Let b be o(-8). What is the highest common factor of b and 17?
17
Let x = 153 - -1. Suppose x*i - 159*i = -760. What is the highest common factor of i and 19?
19
Let o(p) = p**2 - 3*p + 29. Let t(g) = 13*g - 1. Let k be t(7). Suppose 6 = -8*q - k. Let v be o(q). Calculate the highest common divisor of v and 19.
19
Suppose -719*g + 231*g + 343*g = -18850. What is the highest common divisor of 27430 and g?
130
Suppose 2 = 2*u - 8. Suppose 2*p + 4*n = 75 + 63, u*n = 0. Calculate the highest common divisor of p and 23.
23
Let v = -1236 - -1311. Calculate the highest common factor of 100 and v.
25
Suppose 17*p - 14*p = 12. Suppose -6*o + 2*y = -3*o - 26, 5*o = p*y + 42. Suppose o*z = 9*z + 14. Calculate the highest common divisor of z and 63.
7
Let y(l) = -l**3 + 16*l**2 + 104*l + 36. Let i be y(21). Suppose i*h = -21*h + 4536. Let a = 24 + -15. What is the greatest common factor of a and h?
9
Let u = 23796 + -16536. What is the greatest common factor of 120 and u?
60
Suppose -73 - 67 = -5*u. Let b = -36 - -23. Let x be 7 + (b - -4) + (1 - -13). What is the highest common factor of x and u?
4
Suppose 4*l = 2*a - 328, -2*a - 2*l + 320 = -4*l. Suppose 0 = -x - 0*x + c + 234, -936 = -4*x - 5*c. What is the greatest common divisor of a and x?
78
Suppose -17 - 6 = -2*j - 5*d, 3*j = 2*d + 6. Let c(w) = 0*w + j*w - 10*w. Let q be c(-2). What is the greatest common factor of 2 and q?
2
Let j(z) be the second derivative of 61*z**4/4 + 4*z**3/3 + 9*z**2/2 - 6*z. Let v be j(-1). What is the highest common divisor of 23 and v?
23
Let y(f) = f**3 - 9*f**2 - 8*f - 11. Let s be y(10). Let q be s*(-25)/(20/(-4)). Calculate the highest common factor of 405 and q.
45
Let q be 10 + 3661 + 37 + -19. What is the greatest common divisor of 868 and q?
217
Let p be (-7)/(-70) - (-636)/40. Calculate the highest common factor of p and 92.
4
Suppose a + 26 = 4*a + 4*g, -2*g = -10. Let y = 41 + -36. Suppose -4*j = -y*x - 65, -a*j + 4*j + 3*x - 5 = 0. Calculate the highest common factor of 5 and j.
5
Let f = 512 + 1343. Calculate the highest common factor of 280 and f.
35
Suppose 3*p - 1201*w + 1199*w - 110 = 0, -5*w + 70 = 4*p. Suppose -1000 = -11*o + 6*o. What is the greatest common factor of o and p?
10
Let t(x) = -x**3 + 5*x**2 + x + 6. Let m be t(3). Let r(z) = 3*z - 59. Let f be r(m). Calculate the greatest common factor of f and 187.
11
Suppose -2*x = 3*q - 52, -5 = 2*q + 3. Suppose k + 10 = 3*j - 2, 2*j - 2*k = 8. Suppose 12*w = 13*w - j. Calculate the greatest common divisor of w and x.
4
Suppose 3*g - 168 - 192 = -2*k, -5*g - 4*k + 602 = 0. Calculate the highest common factor of g and 1003.
59
Suppose 16555 + 14525 = 105*w + 6*w. Let f = -35 - -49. Calculate the greatest common divisor of w and f.
14
Let f(j) = -j**3 + 20*j**2 - 17*j + 342. Let q be f(20). Calculate the highest common divisor of q and 4340.
2
Suppose 4172 = 5*n + 2*x, -3*n + 4*x = -2178 - 346. What is the highest common factor of 3553 and n?
209
Suppose -9072 = 248*l - 254*l. What is the greatest common divisor of l and 64?
8
Suppose 10*l - 8*l + 3 = 3*k, 5*l + k - 1 = 0. Suppose 4*x + 2*n - 12 = l, x - 4*n - 6 = -3. Let u = 29 - x. Calculate the highest common divisor of u and 65.
13
Suppose -2 = -4*b + 4*t - 78, -4*b - 3*t - 97 = 0. Let j be (-390)/(-33) - b/121. Calculate the highest common divisor of 150 and j.
6
Suppose -2*p - 2*j + 128 = 3*j, -2*j = 4*p - 240. Let b be (590/(-20))/(((-4)/(-16))/((-16)/32)). What is the greatest common divisor of b and p?
59
Suppose 0 = -33*v + 691 + 1091. Let y = -2 - -1. Let w be 2/(-2) - 82/y. What is the greatest common divisor of w and v?
27
Let c be 6/9 - 6016/(-12). Let r = -264 + c. Calculate the greatest common factor of 68 and r.
34
Let z be 1/4 - 2*(-597)/24. Suppose 30 = 2*y - 7*y. Let w be (20/3)/((-2)/y). What is the greatest common factor of z and w?
10
Let d = 4133 - 3935. What is the greatest common divisor of 2354 and d?
22
Let y = 4809 - 4787. What is the greatest common factor of y and 17776?
22
Let g = -816 - -812. Let l be 228/2 + -3*(5 + g). Calculate the highest common divisor of l and 3.
3
Suppose -k = -3*m + 422, -110*k + 108*k = 5*m - 729. What is the highest common divisor of m and 297?
11
Let j(t) = -28*t - 133. Let z be j(-10). Suppose 0 = 3*s - 1 - 125. Calculate the greatest common factor of z and s.
21
Suppose -2*o - 2*o - 5*t + 22 = 0, -3*o + 5*t = -34. Let n be (-20 + 6 + -4)/((-9)/120). Calculate the highest common factor of o and n.
8
Let x be (-47)/(14573/(-1040) + 14). Calculate the greatest common divisor of x and 80.
80
Let n = -88 + 43. Let r = n - -65. Suppose 4*g - 2*d = 24, 3*g + 4*d + 2 = 9. Calculate the greatest common factor of r and g.
5
Suppose 662 + 1003 = 5*d. Calculate the highest common fa